[INFO] fetching crate leo-symbol-table 1.0.8...
[INFO] building leo-symbol-table-1.0.8 against master#ff34b919075f35a1787659e9c448a34b06bab8de for issue-85264
[INFO] extracting crate leo-symbol-table 1.0.8 into /workspace/builds/worker-6/source
[INFO] validating manifest of crates.io crate leo-symbol-table 1.0.8 on toolchain ff34b919075f35a1787659e9c448a34b06bab8de
[INFO] running `Command { std: "/workspace/cargo-home/bin/cargo" "+ff34b919075f35a1787659e9c448a34b06bab8de" "metadata" "--manifest-path" "Cargo.toml" "--no-deps", kill_on_drop: false }`
[INFO] started tweaking crates.io crate leo-symbol-table 1.0.8
[INFO] finished tweaking crates.io crate leo-symbol-table 1.0.8
[INFO] tweaked toml for crates.io crate leo-symbol-table 1.0.8 written to /workspace/builds/worker-6/source/Cargo.toml
[INFO] running `Command { std: "/workspace/cargo-home/bin/cargo" "+ff34b919075f35a1787659e9c448a34b06bab8de" "generate-lockfile" "--manifest-path" "Cargo.toml" "-Zno-index-update", kill_on_drop: false }`
[INFO] running `Command { std: "/workspace/cargo-home/bin/cargo" "+ff34b919075f35a1787659e9c448a34b06bab8de" "fetch" "--manifest-path" "Cargo.toml", kill_on_drop: false }`
[INFO] [stderr]     Blocking waiting for file lock on package cache
[INFO] running `Command { std: "docker" "create" "-v" "/var/lib/crater-agent-workspace/builds/worker-6/target:/opt/rustwide/target:rw,Z" "-v" "/var/lib/crater-agent-workspace/builds/worker-6/source:/opt/rustwide/workdir:ro,Z" "-v" "/var/lib/crater-agent-workspace/cargo-home:/opt/rustwide/cargo-home:ro,Z" "-v" "/var/lib/crater-agent-workspace/rustup-home:/opt/rustwide/rustup-home:ro,Z" "-e" "SOURCE_DIR=/opt/rustwide/workdir" "-e" "CARGO_TARGET_DIR=/opt/rustwide/target" "-e" "CARGO_HOME=/opt/rustwide/cargo-home" "-e" "RUSTUP_HOME=/opt/rustwide/rustup-home" "-w" "/opt/rustwide/workdir" "-m" "1610612736" "--user" "0:0" "--network" "none" "ghcr.io/rust-lang/crates-build-env/linux@sha256:20528e8c29e4536546f0102ce88568b16ea7538393a33fcca951030f7af10457" "/opt/rustwide/cargo-home/bin/cargo" "+ff34b919075f35a1787659e9c448a34b06bab8de" "metadata" "--no-deps" "--format-version=1", kill_on_drop: false }`
[INFO] [stdout] 4f7eaffc0462bb86a4142fdc38193aa182fff3a6ccdfc7e56e4a37ea8b9540a3
[INFO] [stderr] WARNING: Your kernel does not support swap limit capabilities or the cgroup is not mounted. Memory limited without swap.
[INFO] running `Command { std: "docker" "start" "-a" "4f7eaffc0462bb86a4142fdc38193aa182fff3a6ccdfc7e56e4a37ea8b9540a3", kill_on_drop: false }`
[INFO] running `Command { std: "docker" "inspect" "4f7eaffc0462bb86a4142fdc38193aa182fff3a6ccdfc7e56e4a37ea8b9540a3", kill_on_drop: false }`
[INFO] running `Command { std: "docker" "rm" "-f" "4f7eaffc0462bb86a4142fdc38193aa182fff3a6ccdfc7e56e4a37ea8b9540a3", kill_on_drop: false }`
[INFO] [stdout] 4f7eaffc0462bb86a4142fdc38193aa182fff3a6ccdfc7e56e4a37ea8b9540a3
[INFO] running `Command { std: "docker" "create" "-v" "/var/lib/crater-agent-workspace/builds/worker-6/target:/opt/rustwide/target:rw,Z" "-v" "/var/lib/crater-agent-workspace/builds/worker-6/source:/opt/rustwide/workdir:ro,Z" "-v" "/var/lib/crater-agent-workspace/cargo-home:/opt/rustwide/cargo-home:ro,Z" "-v" "/var/lib/crater-agent-workspace/rustup-home:/opt/rustwide/rustup-home:ro,Z" "-e" "SOURCE_DIR=/opt/rustwide/workdir" "-e" "CARGO_TARGET_DIR=/opt/rustwide/target" "-e" "CARGO_INCREMENTAL=0" "-e" "RUST_BACKTRACE=full" "-e" "RUSTFLAGS=--cap-lints=forbid" "-e" "CARGO_HOME=/opt/rustwide/cargo-home" "-e" "RUSTUP_HOME=/opt/rustwide/rustup-home" "-w" "/opt/rustwide/workdir" "-m" "1610612736" "--user" "0:0" "--network" "none" "ghcr.io/rust-lang/crates-build-env/linux@sha256:20528e8c29e4536546f0102ce88568b16ea7538393a33fcca951030f7af10457" "/opt/rustwide/cargo-home/bin/cargo" "+ff34b919075f35a1787659e9c448a34b06bab8de" "build" "--frozen" "--message-format=json", kill_on_drop: false }`
[INFO] [stdout] 68c09eab28df97c9209f1cd61caef897ce75a7701cde28a2b2d0edd6239551ab
[INFO] [stderr] WARNING: Your kernel does not support swap limit capabilities or the cgroup is not mounted. Memory limited without swap.
[INFO] running `Command { std: "docker" "start" "-a" "68c09eab28df97c9209f1cd61caef897ce75a7701cde28a2b2d0edd6239551ab", kill_on_drop: false }`
[INFO] [stderr]    Compiling autocfg v1.0.1
[INFO] [stderr]    Compiling proc-macro2 v1.0.27
[INFO] [stderr]    Compiling unicode-xid v0.2.2
[INFO] [stderr]    Compiling cfg-if v1.0.0
[INFO] [stderr]    Compiling libc v0.2.95
[INFO] [stderr]    Compiling serde v1.0.126
[INFO] [stderr]    Compiling version_check v0.9.3
[INFO] [stderr]    Compiling lazy_static v1.4.0
[INFO] [stderr]    Compiling ryu v1.0.5
[INFO] [stderr]    Compiling serde_json v1.0.64
[INFO] [stderr]    Compiling cc v1.0.68
[INFO] [stderr]    Compiling ppv-lite86 v0.2.10
[INFO] [stderr]    Compiling gimli v0.24.0
[INFO] [stderr]    Compiling failure_derive v0.1.8
[INFO] [stderr]    Compiling hashbrown v0.9.1
[INFO] [stderr]    Compiling adler v1.0.2
[INFO] [stderr]    Compiling proc-macro2 v0.4.30
[INFO] [stderr]    Compiling getrandom v0.1.16
[INFO] [stderr]    Compiling ucd-trie v0.1.3
[INFO] [stderr]    Compiling base58 v0.1.0
[INFO] [stderr]    Compiling unicode-xid v0.1.0
[INFO] [stderr]    Compiling object v0.24.0
[INFO] [stderr]    Compiling rustc-demangle v0.1.19
[INFO] [stderr]    Compiling hex v0.4.3
[INFO] [stderr]    Compiling bech32 v0.6.0
[INFO] [stderr]    Compiling log v0.4.14
[INFO] [stderr]    Compiling maplit v1.0.2
[INFO] [stderr]    Compiling void v1.0.2
[INFO] [stderr]    Compiling futures v0.1.31
[INFO] [stderr]    Compiling byteorder v1.4.3
[INFO] [stderr]    Compiling new_debug_unreachable v1.0.4
[INFO] [stderr]    Compiling rayon-core v1.9.1
[INFO] [stderr]    Compiling scopeguard v1.1.0
[INFO] [stderr]    Compiling mac v0.1.1
[INFO] [stderr]    Compiling rand_core v0.6.2
[INFO] [stderr]    Compiling utf-8 v0.7.6
[INFO] [stderr]    Compiling subtle v1.0.0
[INFO] [stderr]    Compiling cfg-if v0.1.10
[INFO] [stderr]    Compiling cpufeatures v0.1.4
[INFO] [stderr]    Compiling opaque-debug v0.2.3
[INFO] [stderr]    Compiling byte-tools v0.3.1
[INFO] [stderr]    Compiling opaque-debug v0.3.0
[INFO] [stderr]    Compiling smallvec v1.6.1
[INFO] [stderr]    Compiling snarkvm-profiler v0.0.2
[INFO] [stderr]    Compiling typed-arena v2.0.1
[INFO] [stderr]    Compiling itertools v0.7.11
[INFO] [stderr]    Compiling itertools v0.10.0
[INFO] [stderr]    Compiling tracing-core v0.1.18
[INFO] [stderr]    Compiling futf v0.1.4
[INFO] [stderr]    Compiling rand_xorshift v0.3.0
[INFO] [stderr]    Compiling rand_chacha v0.3.0
[INFO] [stderr]    Compiling generic-array v0.12.4
[INFO] [stderr]    Compiling tendril v0.4.2
[INFO] [stderr]    Compiling pest v2.1.3
[INFO] [stderr]    Compiling fxhash v0.2.1
[INFO] [stderr]    Compiling rand v0.8.3
[INFO] [stderr]    Compiling proc-macro-error-attr v1.0.4
[INFO] [stderr]    Compiling generic-array v0.14.4
[INFO] [stderr]    Compiling proc-macro-error v1.0.4
[INFO] [stderr]    Compiling miniz_oxide v0.4.4
[INFO] [stderr]    Compiling indexmap v1.6.2
[INFO] [stderr]    Compiling crossbeam-utils v0.8.4
[INFO] [stderr]    Compiling memoffset v0.6.4
[INFO] [stderr]    Compiling num-traits v0.2.14
[INFO] [stderr]    Compiling num-integer v0.1.44
[INFO] [stderr]    Compiling rayon v1.5.1
[INFO] [stderr]    Compiling num-bigint v0.4.0
[INFO] [stderr]    Compiling digest v0.8.1
[INFO] [stderr]    Compiling crypto-mac v0.7.0
[INFO] [stderr]    Compiling blake2 v0.8.1
[INFO] [stderr]    Compiling backtrace v0.3.59
[INFO] [stderr]    Compiling quote v1.0.9
[INFO] [stderr]    Compiling quote v0.6.13
[INFO] [stderr]    Compiling syn v0.15.44
[INFO] [stderr]    Compiling num_cpus v1.13.0
[INFO] [stderr]    Compiling digest v0.9.0
[INFO] [stderr]    Compiling block-buffer v0.9.0
[INFO] [stderr]    Compiling syn v1.0.72
[INFO] [stderr]    Compiling sha2 v0.9.5
[INFO] [stderr]    Compiling rand_core v0.5.1
[INFO] [stderr]    Compiling crossbeam-epoch v0.9.4
[INFO] [stderr]    Compiling crossbeam-channel v0.5.1
[INFO] [stderr]    Compiling pest_meta v2.1.3
[INFO] [stderr]    Compiling from-pest v0.3.1
[INFO] [stderr]    Compiling rand_chacha v0.2.2
[INFO] [stderr]    Compiling rand_xorshift v0.2.0
[INFO] [stderr]    Compiling crossbeam-deque v0.8.0
[INFO] [stderr]    Compiling rand v0.7.3
[INFO] [stderr]    Compiling addr2line v0.15.1
[INFO] [stderr]    Compiling synstructure v0.12.4
[INFO] [stderr]    Compiling pest_generator v2.1.3
[INFO] [stderr]    Compiling serde_derive v1.0.126
[INFO] [stderr]    Compiling thiserror-impl v1.0.25
[INFO] [stderr]    Compiling tracing-attributes v0.1.15
[INFO] [stderr]    Compiling pest_derive v2.1.0
[INFO] [stderr]    Compiling derivative v2.2.0
[INFO] [stderr]    Compiling snarkvm-derives v0.0.2
[INFO] [stderr]    Compiling failure v0.1.8
[INFO] [stderr]    Compiling single v1.0.0
[INFO] [stderr]    Compiling tracing v0.1.26
[INFO] [stderr]    Compiling thiserror v1.0.25
[INFO] [stderr]    Compiling pest-ast v0.3.3
[INFO] [stderr]    Compiling leo-input v1.4.0
[INFO] [stderr]    Compiling toml v0.5.8
[INFO] [stderr]    Compiling bincode v1.3.3
[INFO] [stderr]    Compiling snarkvm-errors v0.0.5
[INFO] [stderr]    Compiling jsonrpc-core v14.2.0
[INFO] [stderr]    Compiling leo-ast v1.4.0
[INFO] [stderr]    Compiling leo-grammar v1.2.3
[INFO] [stderr]    Compiling proc-macro-crate v0.1.5
[INFO] [stderr]    Compiling snarkvm-derives v0.0.5
[INFO] [stderr]    Compiling snarkvm-errors v0.0.2
[INFO] [stderr]    Compiling snarkvm-utilities v0.0.2
[INFO] [stderr]    Compiling snarkvm-utilities v0.0.5
[INFO] [stderr]    Compiling snarkvm-models v0.0.2
[INFO] [stderr]    Compiling snarkvm-models v0.0.5
[INFO] [stderr]    Compiling leo-parser v1.4.0
[INFO] [stderr]    Compiling leo-asg v1.4.0
[INFO] [stderr]    Compiling leo-imports v1.4.0
[INFO] [stderr]    Compiling snarkvm-curves v0.0.2
[INFO] [stderr]    Compiling snarkvm-algorithms v0.0.2
[INFO] [stderr]    Compiling snarkvm-gadgets v0.0.2
[INFO] [stderr]    Compiling leo-gadgets v1.2.3
[INFO] [stderr]    Compiling leo-core v1.0.8
[INFO] [stdout] error[E0432]: unresolved import `leo_ast::Error`
[INFO] [stdout]   --> /opt/rustwide/cargo-home/registry/src/github.com-1ecc6299db9ec823/leo-core-1.0.8/src/errors/core_circuit.rs:18:15
[INFO] [stdout]    |
[INFO] [stdout] 18 | use leo_ast::{Error as FormattedError, Span};
[INFO] [stdout]    |               -----^^^^^^^^^^^^^^^^^^
[INFO] [stdout]    |               |
[INFO] [stdout]    |               no `Error` in the root
[INFO] [stdout]    |               help: a similar name exists in the module: `error`
[INFO] [stdout] 
[INFO] [stdout] 
[INFO] [stdout] error[E0432]: unresolved import `leo_ast::Error`
[INFO] [stdout]   --> /opt/rustwide/cargo-home/registry/src/github.com-1ecc6299db9ec823/leo-core-1.0.8/src/errors/core_package.rs:16:15
[INFO] [stdout]    |
[INFO] [stdout] 16 | use leo_ast::{Error as FormattedError, Span};
[INFO] [stdout]    |               -----^^^^^^^^^^^^^^^^^^
[INFO] [stdout]    |               |
[INFO] [stdout]    |               no `Error` in the root
[INFO] [stdout]    |               help: a similar name exists in the module: `error`
[INFO] [stdout] 
[INFO] [stdout] 
[INFO] [stdout] error[E0432]: unresolved import `leo_ast::Error`
[INFO] [stdout]   --> /opt/rustwide/cargo-home/registry/src/github.com-1ecc6299db9ec823/leo-core-1.0.8/src/errors/core_package_list.rs:17:15
[INFO] [stdout]    |
[INFO] [stdout] 17 | use leo_ast::{Error as FormattedError, ImportSymbol, Span};
[INFO] [stdout]    |               -----^^^^^^^^^^^^^^^^^^
[INFO] [stdout]    |               |
[INFO] [stdout]    |               no `Error` in the root
[INFO] [stdout]    |               help: a similar name exists in the module: `error`
[INFO] [stdout] 
[INFO] [stdout] 
[INFO] [stdout] error[E0432]: unresolved import `leo_ast::Error`
[INFO] [stdout]   --> /opt/rustwide/cargo-home/registry/src/github.com-1ecc6299db9ec823/leo-core-1.0.8/src/errors/leo_core_package.rs:18:15
[INFO] [stdout]    |
[INFO] [stdout] 18 | use leo_ast::{Error as FormattedError, Span};
[INFO] [stdout]    |               -----^^^^^^^^^^^^^^^^^^
[INFO] [stdout]    |               |
[INFO] [stdout]    |               no `Error` in the root
[INFO] [stdout]    |               help: a similar name exists in the module: `error`
[INFO] [stdout] 
[INFO] [stdout] 
[INFO] [stdout] error[E0308]: mismatched types
[INFO] [stdout]   --> /opt/rustwide/cargo-home/registry/src/github.com-1ecc6299db9ec823/leo-core-1.0.8/src/packages/unstable/blake2s.rs:71:27
[INFO] [stdout]    |
[INFO] [stdout] 71 |                     name: "hash".to_owned(),
[INFO] [stdout]    |                           ^^^^^^^^^^^^^^^^^ expected struct `tendril::tendril::Tendril`, found struct `String`
[INFO] [stdout]    |
[INFO] [stdout]    = note: expected struct `tendril::tendril::Tendril<tendril::fmt::UTF8>`
[INFO] [stdout]               found struct `String`
[INFO] [stdout] 
[INFO] [stdout] 
[INFO] [stdout] error[E0308]: mismatched types
[INFO] [stdout]   --> /opt/rustwide/cargo-home/registry/src/github.com-1ecc6299db9ec823/leo-core-1.0.8/src/packages/unstable/blake2s.rs:77:35
[INFO] [stdout]    |
[INFO] [stdout] 77 | ...                   name: "seed".to_owned(),
[INFO] [stdout]    |                             ^^^^^^^^^^^^^^^^^ expected struct `tendril::tendril::Tendril`, found struct `String`
[INFO] [stdout]    |
[INFO] [stdout]    = note: expected struct `tendril::tendril::Tendril<tendril::fmt::UTF8>`
[INFO] [stdout]               found struct `String`
[INFO] [stdout] 
[INFO] [stdout] 
[INFO] [stdout] error[E0308]: mismatched types
[INFO] [stdout]   --> /opt/rustwide/cargo-home/registry/src/github.com-1ecc6299db9ec823/leo-core-1.0.8/src/packages/unstable/blake2s.rs:84:40
[INFO] [stdout]    |
[INFO] [stdout] 84 | ...                   value: 32usize.to_string(),
[INFO] [stdout]    |                              ^^^^^^^^^^^^^^^^^^^ expected struct `tendril::tendril::Tendril`, found struct `String`
[INFO] [stdout]    |
[INFO] [stdout]    = note: expected struct `tendril::tendril::Tendril<tendril::fmt::UTF8>`
[INFO] [stdout]               found struct `String`
[INFO] [stdout] 
[INFO] [stdout] 
[INFO] [stdout] error[E0063]: missing field `const_` in initializer of `FunctionInputVariable`
[INFO] [stdout]   --> /opt/rustwide/cargo-home/registry/src/github.com-1ecc6299db9ec823/leo-core-1.0.8/src/packages/unstable/blake2s.rs:75:45
[INFO] [stdout]    |
[INFO] [stdout] 75 |                     FunctionInput::Variable(FunctionInputVariable {
[INFO] [stdout]    |                                             ^^^^^^^^^^^^^^^^^^^^^ missing `const_`
[INFO] [stdout] 
[INFO] [stdout] 
[INFO] [stdout] error[E0308]: mismatched types
[INFO] [stdout]   --> /opt/rustwide/cargo-home/registry/src/github.com-1ecc6299db9ec823/leo-core-1.0.8/src/packages/unstable/blake2s.rs:91:35
[INFO] [stdout]    |
[INFO] [stdout] 91 | ...                   name: "message".to_owned(),
[INFO] [stdout]    |                             ^^^^^^^^^^^^^^^^^^^^ expected struct `tendril::tendril::Tendril`, found struct `String`
[INFO] [stdout]    |
[INFO] [stdout]    = note: expected struct `tendril::tendril::Tendril<tendril::fmt::UTF8>`
[INFO] [stdout]               found struct `String`
[INFO] [stdout] 
[INFO] [stdout] 
[INFO] [stdout] error[E0308]: mismatched types
[INFO] [stdout]   --> /opt/rustwide/cargo-home/registry/src/github.com-1ecc6299db9ec823/leo-core-1.0.8/src/packages/unstable/blake2s.rs:98:40
[INFO] [stdout]    |
[INFO] [stdout] 98 | ...                   value: 32usize.to_string(),
[INFO] [stdout]    |                              ^^^^^^^^^^^^^^^^^^^ expected struct `tendril::tendril::Tendril`, found struct `String`
[INFO] [stdout]    |
[INFO] [stdout]    = note: expected struct `tendril::tendril::Tendril<tendril::fmt::UTF8>`
[INFO] [stdout]               found struct `String`
[INFO] [stdout] 
[INFO] [stdout] 
[INFO] [stdout] error[E0063]: missing field `const_` in initializer of `FunctionInputVariable`
[INFO] [stdout]   --> /opt/rustwide/cargo-home/registry/src/github.com-1ecc6299db9ec823/leo-core-1.0.8/src/packages/unstable/blake2s.rs:89:45
[INFO] [stdout]    |
[INFO] [stdout] 89 |                     FunctionInput::Variable(FunctionInputVariable {
[INFO] [stdout]    |                                             ^^^^^^^^^^^^^^^^^^^^^ missing `const_`
[INFO] [stdout] 
[INFO] [stdout] 
[INFO] [stdout] error[E0308]: mismatched types
[INFO] [stdout]    --> /opt/rustwide/cargo-home/registry/src/github.com-1ecc6299db9ec823/leo-core-1.0.8/src/packages/unstable/blake2s.rs:107:32
[INFO] [stdout]     |
[INFO] [stdout] 107 |                         value: 32usize.to_string(),
[INFO] [stdout]     |                                ^^^^^^^^^^^^^^^^^^^ expected struct `tendril::tendril::Tendril`, found struct `String`
[INFO] [stdout]     |
[INFO] [stdout]     = note: expected struct `tendril::tendril::Tendril<tendril::fmt::UTF8>`
[INFO] [stdout]                found struct `String`
[INFO] [stdout] 
[INFO] [stdout] 
[INFO] [stdout] error[E0308]: mismatched types
[INFO] [stdout]    --> /opt/rustwide/cargo-home/registry/src/github.com-1ecc6299db9ec823/leo-core-1.0.8/src/packages/unstable/blake2s.rs:113:112
[INFO] [stdout]     |
[INFO] [stdout] 113 | ...                   function: Box::new(Expression::Identifier(Identifier::new_with_span(&Self::name(), &span))),
[INFO] [stdout]     |                                                                                                          ^^^^^
[INFO] [stdout]     |                                                                                                          |
[INFO] [stdout]     |                                                                                                          expected struct `Span`, found `&Span`
[INFO] [stdout]     |                                                                                                          help: consider removing the borrow: `span`
[INFO] [stdout] 
[INFO] [stdout] 
[INFO] [stdout] error[E0308]: mismatched types
[INFO] [stdout]    --> /opt/rustwide/cargo-home/registry/src/github.com-1ecc6299db9ec823/leo-core-1.0.8/src/packages/unstable/blake2s.rs:115:90
[INFO] [stdout]     |
[INFO] [stdout] 115 | ...                   Expression::Identifier(Identifier::new_with_span("seed", &span)),
[INFO] [stdout]     |                                                                                ^^^^^
[INFO] [stdout]     |                                                                                |
[INFO] [stdout]     |                                                                                expected struct `Span`, found `&Span`
[INFO] [stdout]     |                                                                                help: consider removing the borrow: `span`
[INFO] [stdout] 
[INFO] [stdout] 
[INFO] [stdout] error[E0308]: mismatched types
[INFO] [stdout]    --> /opt/rustwide/cargo-home/registry/src/github.com-1ecc6299db9ec823/leo-core-1.0.8/src/packages/unstable/blake2s.rs:116:93
[INFO] [stdout]     |
[INFO] [stdout] 116 | ...                   Expression::Identifier(Identifier::new_with_span("message", &span)),
[INFO] [stdout]     |                                                                                   ^^^^^
[INFO] [stdout]     |                                                                                   |
[INFO] [stdout]     |                                                                                   expected struct `Span`, found `&Span`
[INFO] [stdout]     |                                                                                   help: consider removing the borrow: `span`
[INFO] [stdout] 
[INFO] [stdout] 
[INFO] [stdout] error[E0063]: missing field `annotations` in initializer of `Function`
[INFO] [stdout]   --> /opt/rustwide/cargo-home/registry/src/github.com-1ecc6299db9ec823/leo-core-1.0.8/src/packages/unstable/blake2s.rs:69:58
[INFO] [stdout]    |
[INFO] [stdout] 69 |             members: vec![CircuitMember::CircuitFunction(Function {
[INFO] [stdout]    |                                                          ^^^^^^^^ missing `annotations`
[INFO] [stdout] 
[INFO] [stdout] 
[INFO] [stdout] error[E0277]: `leo_ast::Packages` is not an iterator
[INFO] [stdout]   --> /opt/rustwide/cargo-home/registry/src/github.com-1ecc6299db9ec823/leo-core-1.0.8/src/types/core_package.rs:55:31
[INFO] [stdout]    |
[INFO] [stdout] 55 |                 for access in accesses {
[INFO] [stdout]    |                               ^^^^^^^^ `leo_ast::Packages` is not an iterator
[INFO] [stdout]    |
[INFO] [stdout]    = help: the trait `Iterator` is not implemented for `leo_ast::Packages`
[INFO] [stdout]    = note: required because of the requirements on the impl of `IntoIterator` for `leo_ast::Packages`
[INFO] [stdout]    = note: required by `into_iter`
[INFO] [stdout] 
[INFO] [stdout] 
[INFO] [stdout] error[E0599]: no method named `as_str` found for struct `tendril::tendril::Tendril<tendril::fmt::UTF8>` in the current scope
[INFO] [stdout]   --> /opt/rustwide/cargo-home/registry/src/github.com-1ecc6299db9ec823/leo-core-1.0.8/src/types/core_package.rs:81:52
[INFO] [stdout]    |
[INFO] [stdout] 81 |             let circuit_name = circuit.symbol.name.as_str();
[INFO] [stdout]    |                                                    ^^^^^^ help: there is an associated function with a similar name: `as_ptr`
[INFO] [stdout] 
[INFO] [stdout] 
[INFO] [stdout] error[E0308]: mismatched types
[INFO] [stdout]    --> /opt/rustwide/cargo-home/registry/src/github.com-1ecc6299db9ec823/leo-core-1.0.8/src/types/core_package.rs:104:34
[INFO] [stdout]     |
[INFO] [stdout] 104 |             circuit_structs.push(name, circuit)
[INFO] [stdout]     |                                  ^^^^
[INFO] [stdout]     |                                  |
[INFO] [stdout]     |                                  expected struct `String`, found struct `tendril::tendril::Tendril`
[INFO] [stdout]     |                                  help: try using a conversion method: `name.to_string()`
[INFO] [stdout]     |
[INFO] [stdout]     = note: expected struct `String`
[INFO] [stdout]                found struct `tendril::tendril::Tendril<tendril::fmt::UTF8>`
[INFO] [stdout] 
[INFO] [stdout] 
[INFO] [stdout] error[E0277]: `leo_ast::Packages` is not an iterator
[INFO] [stdout]   --> /opt/rustwide/cargo-home/registry/src/github.com-1ecc6299db9ec823/leo-core-1.0.8/src/types/core_package_list.rs:66:27
[INFO] [stdout]    |
[INFO] [stdout] 66 |             for access in core_functions {
[INFO] [stdout]    |                           ^^^^^^^^^^^^^^ `leo_ast::Packages` is not an iterator
[INFO] [stdout]    |
[INFO] [stdout]    = help: the trait `Iterator` is not implemented for `leo_ast::Packages`
[INFO] [stdout]    = note: required because of the requirements on the impl of `IntoIterator` for `leo_ast::Packages`
[INFO] [stdout]    = note: required by `into_iter`
[INFO] [stdout] 
[INFO] [stdout] 
[INFO] [stdout] error[E0308]: mismatched types
[INFO] [stdout]   --> /opt/rustwide/cargo-home/registry/src/github.com-1ecc6299db9ec823/leo-core-1.0.8/src/types/core_package_list.rs:72:37
[INFO] [stdout]    |
[INFO] [stdout] 72 |             if package.name.name.eq(UNSTABLE_CORE_PACKAGE_KEYWORD) {
[INFO] [stdout]    |                                     ^^^^^^^^^^^^^^^^^^^^^^^^^^^^^ expected struct `tendril::tendril::Tendril`, found `str`
[INFO] [stdout]    |
[INFO] [stdout]    = note: expected reference `&tendril::tendril::Tendril<tendril::fmt::UTF8>`
[INFO] [stdout]               found reference `&'static str`
[INFO] [stdout] 
[INFO] [stdout] 
[INFO] [stdout] error: aborting due to 21 previous errors
[INFO] [stdout] 
[INFO] [stdout] 
[INFO] [stdout] Some errors have detailed explanations: E0063, E0277, E0308, E0432, E0599.
[INFO] [stdout] 
[INFO] [stdout] For more information about an error, try `rustc --explain E0063`.
[INFO] [stdout] 
[INFO] [stderr] error: could not compile `leo-core`
[INFO] [stderr] 
[INFO] [stderr] To learn more, run the command again with --verbose.
[INFO] running `Command { std: "docker" "inspect" "68c09eab28df97c9209f1cd61caef897ce75a7701cde28a2b2d0edd6239551ab", kill_on_drop: false }`
[INFO] running `Command { std: "docker" "rm" "-f" "68c09eab28df97c9209f1cd61caef897ce75a7701cde28a2b2d0edd6239551ab", kill_on_drop: false }`
[INFO] [stdout] 68c09eab28df97c9209f1cd61caef897ce75a7701cde28a2b2d0edd6239551ab
